4)*(o/2 + 0)?
19
Let g(b) = -24*b + 261. What is the remainder when g(0) is divided by 11?
8
Let t = 1257 + -825. Calculate the remainder when t is divided by 31.
29
Let h(g) = -9*g - 6. Let k be 2/10 + (-5)/25. Suppose -p + 57 = 4*x, -x + 0*p - 3*p + 6 = k. Calculate the remainder when h(-7) is divided by x.
12
Suppose -23*j - 118 = -1521. What is the remainder when 171 is divided by j?
49
Let k(i) be the first derivative of i**4/4 - 2*i**3/3 + 3*i**2/2 - i - 7. Let n(m) = 3*m - 3. Let o be n(2). Calculate the remainder when 31 is divided by k(o).
14
Suppose 6 = -51*n + 54*n. Suppose -k - 112 = -3*t, -153 = n*t - 6*t + 5*k. Calculate the remainder when 73 is divided by t.
36
Suppose -8*l + 8499 - 8299 = 0. What is the remainder when l is divided by ((-28)/10)/(10/(-25))?
4
Suppose -18*a + 538 = 214. What is the remainder when a is divided by 4?
2
Suppose -4*p + 2*q + 26 = -2*p, -2*p + 26 = 4*q. What is the remainder when p is divided by ((-3)/(-2))/((-2)/(-4))?
1
Suppose 0 = 2*g + 2*g. Suppose 3*o - 3*t - 66 = g, 3*o + 2*o - 2*t - 98 = 0. What is the remainder when 53 is divided by o?
17
Let n be (268/5 - 1) + 42/(-70). What is the remainder when 187/4 - 39/n is divided by 16?
14
Suppose 4*c - 28 = 2*b, -7 - 29 = 4*b + 2*c. Let s = b - -59. Calculate the remainder when s is divided by 13.
10
Let i be 42 - (-7 - -1)/2. Let b = -31 + i. Let c = -23 + 63. What is the remainder when c is divided by b?
12
Suppose -4*d = -52 - 68. Let u(v) = -2*v**2 - 34*v + 3. Let q be (-5 - (-180)/35) + (-88)/28. What is the remainder when u(q) is divided by d?
27
Let n(j) = -j + 27. Let s be n(23). What is the remainder when 36 is divided by s/6 + 825/45?
17
Suppose i - 2*u - 14 = 35, 0 = -2*i - u + 103. What is the remainder when i is divided by 20?
11
Let r(b) = 4*b**2 - 1. Suppose 3*q = -3*q - 36. Let t(a) = a**2 + 6*a + 6. Calculate the remainder when t(q) is divided by r(1).
0
Suppose -5*q - 2 = i - 3, 4*i = q + 46. Calculate the remainder when 3354/195*(-15)/(-6) is divided by i.
10
Let p(m) = -m**2 + 13*m + 98. Calculate the remainder when p(15) is divided by 7.
5
Suppose 0 = 4*g + r - 4, 0 = -5*g - 0*r + r + 14. Let k(i) = 24 - 25 - g*i**3 + 0*i**2 + 0*i**2. Calculate the remainder when k(-2) is divided by 6.
3
Suppose 2*v - v - 26 = -4*c, 5*v - 58 = 4*c. What is the remainder when 53 + (-9 - -1) - 6 is divided by v?
11
Let x = -451 - -490. What is the remainder when 93 is divided by x?
15
Let k = 22 + -177. Let i = 228 + k. Calculate the remainder when i is divided by 19.
16
Let m(n) = -n**3 - 10*n**2 + 9*n - 11. Let y(g) = -g**3 + 6*g**2 - 2*g + 1. Let v be y(6). Calculate the remainder when 63 is divided by m(v).
8
Let x = -1320 + 2014. What is the remainder when x is divided by 28?
22
Suppose 0 = 39*d - 48*d + 675. Calculate the remainder when d is divided by 44.
31
Suppose 1001*m = 1006*m - 4*z - 71, -5*z = m + 9. Suppose 153 - 16 = 3*r - 2*a, 2*a - 78 = -2*r. What is the remainder when r is divided by m?
10
Suppose -3 + 6 = l. What is the remainder when 6 is divided by (-2)/(-5) + l/5?
0
Let x(p) = 4*p - 23. Let a = -76 - -83. Calculate the remainder when 32 is divided by x(a).
2
Let j be (-2)/(-4)*(1 - 1). Let n(p) = -22*p + 18 + 3*p + 3*p**2 + 19*p - 4*p**2. Calculate the remainder when n(j) is divided by 7.
4
Let p = 52 - 27. Let i = p + -12. What is the remainder when -1 + i + (2 - -1) is divided by 4?
3
Suppose 90 = 18*a - 13*a. What is the remainder when 303 is divided by a?
15
Let r(z) = 7*z + 46. What is the remainder when r(17) is divided by 21?
18
Let z(k) = k**3 - 10*k**2 - 10*k - 4. Let h be 56/(-21)*15/(-2). Let p = h + -9. Calculate the remainder when z(p) is divided by 2.
1
Let k = -135 - -164. Calculate the remainder when 31 is divided by k.
2
Let q = -70 - -70. Let g(d) = 2*d**2 - d + 43. Calculate the remainder when g(q) is divided by 27.
16
What is the remainder when 15/(-9)*852/(-4) is divided by 17?
15
Let o = 158 + -136. Suppose -a + o + 6 = -b, 5*a + b = 116. Calculate the remainder when 115 is divided by a.
19
Let p be (-2)/11 + 409/11. Let r = -25 + p. Let j = -15 + 22. Calculate the remainder when r is divided by j.
5
Suppose 1353 - 53 = 13*k. Calculate the remainder when k is divided by 17.
15
Let w(y) = 2*y + 3. Suppose 4*a + a = 40. Calculate the remainder when w(17) is divided by a.
5
Let s(i) = -i + 23. Suppose 2*m = -2*b + 398, -2*m - b + 126 = -277. What is the remainder when m is divided by s(0)?
20
Let q be (-2*42/20)/((-2)/10). Suppose q*p = 2*p + 133. Let s = -24 - -36. Calculate the remainder when s is divided by p.
5
Suppose -3*g + 4*y = -4*g + 25, -g - 3*y = -20. What is the remainder when 32/2 + 2 - 0 is divided by g?
3
Let y(j) = 6*j**2 + 8*j + 7. Suppose -o - 4*a + 42 = 0, 8*o - 3*o = -2*a + 156. Calculate the remainder when y(-5) is divided by o.
27
Let j = -79 - -86. Suppose 130 = 6*i + j*i. Calculate the remainder when 77 is divided by i.
7
Let i = 248 - 229. What is the remainder when i is divided by 16?
3
Suppose -29 = j - 38. Calculate the remainder when 32 is divided by j.
5
Suppose -279 = -7*z + 127. What is the remainder when z is divided by 6?
4
What is the remainder when 805 is divided by (-41)/((-205)/(-30)) + 70 + -2?
61
Suppose m - 24*y - 66 = -21*y, 4*m - 251 = -y. What is the remainder when m is divided by (11/4)/((-3)/(-36))?
30
Let c = -89 - -184. Let g = c - 14. Calculate the remainder when g is divided by (-6)/(-15) - 1/(10/(-206)).
18
Calculate the remainder when 285 is divided by (6/2)/(9/(-12)) + 10.
3
Suppose -2*d = -2*i + 432, 3*i - 652 = -4*d + 8*d. Calculate the remainder when i is divided by 37.
27
Suppose -2 = -f, -3*f - 17 = 3*j - 7*f. Let i = j - 33. What is the remainder when (-4)/18 - 1952/i is divided by 14?
12
Suppose 363 = 5*m + 88. Let w = -2 + m. Suppose 2*c - 36 = -0*c. What is the remainder when w is divided by c?
17
Suppose -4*y - 84 = -3*u - 7*y, 0 = u - 2*y - 40. What is the remainder when 127 is divided by u?
31
Suppose 9*v = 14*v - 540. Suppose o - v = -5*o. What is the remainder when 70 is divided by o?
16
Suppose 5*m = -31 + 116. Suppose -4*h + 8 + 24 = 0. Calculate the remainder when m is divided by h.
1
Let c(n) = -25*n**2 - 171*n - 114. Let m = 62 + 31. What is the remainder when m is divided by c(-6)?
9
Let u(j) = -j**2 + 16*j - 13. Let g be u(15). Suppose g*o = -26 + 142. Calculate the remainder when o is divided by (0 + 15)*(-2 + 3).
13
Let g = 296 - 148. Calculate the remainder when g is divided by 52.
44
Suppose -6*b = -142 - 230. Suppose -w = b - 185. What is the remainder when w is divided by 31?
30
Calculate the remainder when 32 is divided by (92/276)/(2/54).
5
Let m = -28 - -28. Suppose m = -4*z - z + 25. Let q = 21 - 9. Calculate the remainder when q is divided by z.
2
Let d = 23 + -24. Let l be (d*1)/(12/(-60)). Suppose -l*n + 445 = 5*t, -3*t + 2*n = 2*t - 473. What is the remainder when t is divided by 32?
29
Suppose -258 = -2*y - 3*v, -5*y + 635 = -0*y + 5*v. Calculate the remainder when y is divided by 64.
59
Suppose -2*m + 75 = -m. Suppose 84 = 3*r - p, -35*p + 37*p = 2*r - 64. Calculate the remainder when m is divided by r.
23
Let t = -101 + 106. Suppose -171 = -t*x - 96. Calculate the remainder when 20 is divided by x.
5
Suppose -9*f + 16 = -5*f. Suppose -3*t - f*k = -39, 0 = -6*k + 4*k + 6. What is the remainder when 10 is divided by t?
1
Let h(q) = -5*q**2 + 25*q + 25. Let b(f) = f**2 - 6*f - 6. Let n(x) = -9*b(x) - 2*h(x). Calculate the remainder when 26 is divided by n(0).
2
Let t = -4 + -8. Let s = t - 9. Let n = -11 - s. Calculate the remainder when 18 is divided by n.
8
Suppose 0 = -d + 3*f + 22, -3*f = -d + 3*d - 8. Calculate the remainder when 45 is divided by d.
5
Let p = 1003 - 922. Calculate the remainder when 312 is divided by p.
69
Let d = -22 - 11. Let g = d - -50. Calculate the remainder when (246/15)/((-1)/(-5)) is divided by g.
14
Let s = 8 - 5. Suppose -2*f + f = 2*f. Suppose -2*z + 20 = 4*v, f*v = 4*z + 5*v - 40. Calculate the remainder when z is divided by s.
1
What is the remainder when 319 is divided by 5885/825 - (-2)/(-15)?
4
Let n be 3 - 0/(3*(-4)/(-12)). Suppose -3*v = -33 + n. What is the remainder when 19 is divided by v?
9
Let k(c) be the first derivative of 13*c**2/2 + 2*c - 1. Suppose -2*s - 4*g + 36 = 